emainder when t(-9) is divided by k(36).
46
Calculate the remainder when 207 is divided by (4/(16/38))/((-12)/(-24)).
17
Suppose 3*l + 24 - 124 = 4*w, 4*w - 4*l + 104 = 0. Let n be (31/2)/((-11)/w). Suppose 3*a = n + 113. Calculate the remainder when a is divided by 13.
9
Let q(n) = -n - 11*n + 26*n - 15 - 3*n. What is the remainder when 51 is divided by q(3)?
15
Suppose 7*r + 15*r - 21538 = 0. What is the remainder when r is divided by 49?
48
Suppose -4*q = -795 - 401. What is the remainder when q is divided by 25?
24
Let h = 172 + -168. Suppose 2*j + j - 30 = 0. Suppose -9*u = -j*u + 5. What is the remainder when u is divided by h?
1
Let t = -3 + 8. Suppose -2*x + 96 = 3*v, 4 = v + 2. Suppose m - x = -5*a, -2*a = m - 4 - 14. Calculate the remainder when a is divided by t.
4
Let b(m) = m**3 - 39*m**2 - 83*m + 45. Suppose -92 = -h - 3*h. Calculate the remainder when h is divided by b(41).
3
Let a(h) = 0*h**2 - h**2 + 7*h - 10*h + 11 - 4*h. Let k be a(-8). Suppose 0*w - k*w + 27 = 0. Calculate the remainder when w is divided by 6.
3
Suppose 5*r = r + 132. Suppose 0 = 2*b - 88 - 22. Let k = b - r. What is the remainder when 42 is divided by k?
20
Let f be (468/(-48))/((-23)/12 - -2). Let t(o) = -3*o**3 - 3*o**2 - 2*o + 2. Calculate the remainder when 64/24*2/((-12)/f) is divided by t(-2).
16
Let t(g) = g**2 + 12*g + 20. Calculate the remainder when 149 is divided by t(-11).
5
Let h = 937 + -747. Calculate the remainder when h is divided by 19.
0
Let o(f) = -4*f - 2. Calculate the remainder when o(-11) is divided by 5/(-2)*(-966)/105.
19
Let v(t) = t**3 - 26*t**2 + 24*t + 34. Let h be 6/(-8)*12*-8. Suppose -4*f + 28 = -h. What is the remainder when f is divided by v(25)?
7
Let z = -20458 - -20460. What is the remainder when 14*(0 - 1/(-2)) is divided by z?
1
Suppose -4*c + 0*c = -396. Calculate the remainder when 7 is divided by 2/(-8) - c/(-44).
1
Let a(p) = 0 + 3 - 10 + 15*p + 2. What is the remainder when a(4) is divided by 14?
13
Let z = -4 + 5. Let k = -41 - -68. Calculate the remainder when k is divided by (10 - (z + 1)) + -1.
6
Let g = 121 + -113. Calculate the remainder when (24/15)/((-2)/(-25)) is divided by g.
4
Let w(y) = -8*y - 3. Suppose -5*h - 14 - 6 = 0. Let n = 35 - 20. Calculate the remainder when w(h) is divided by n.
14
Let y(l) = 3*l - 2. Let o be y(-2). Let u(z) = -z**3 - 8*z**2 - 7*z - 10. Let q(g) = 7*g - 47. Calculate the remainder when u(o) is divided by q(9).
14
Let n(m) = 3*m**2 - m - 4. Suppose -3*h = 2*j - 7*j - 248, 72 = -j - 5*h. Let u be 4/26 - (-164)/j. Calculate the remainder when n(u) is divided by 7.
5
Suppose 60 = -6*x + 96. Calculate the remainder when 32 is divided by x.
2
Suppose 10 = 3*t - 16*b, -3*t + 2*b = 5 - 85. What is the remainder when t is divided by (0 + -4)/((-1)/1)?
2
Let x = -39120 + 39216. What is the remainder when x is divided by (-6)/15 - (-172)/5?
28
Suppose 420*m - 419*m = 13. Calculate the remainder when (0 - 4/6)*-54 is divided by m.
10
Let p(b) = 5*b**2 + b + 12. What is the remainder when 63 is divided by p(0)?
3
Let m(u) = u**3 + 5*u**2 - 6*u + 1. What is the remainder when (459/18 + -22)*(-16)/(-14) is divided by m(-6)?
0
Let c = 350 - 348. What is the remainder when 41 is divided by c?
1
Let w = -75 + 103. Calculate the remainder when 107 is divided by w.
23
Let d(r) be the third derivative of r**6/120 + r**5/12 + r**4/8 - r**3/6 - 463*r**2. Let t be 11/(-4) - 2/8. What is the remainder when 22 is divided by d(t)?
6
Let r(l) = 7*l**2 + 86*l - 25. Calculate the remainder when 142 is divided by r(-13).
22
Let y(q) = -q**3 + 6*q**2 - 5. Suppose 2*u + 15 = 5*u. What is the remainder when y(u) is divided by (1/(-3))/(8/(-144))?
2
Suppose -2 = -5*f + 8. Suppose 0*x = f*x + 2, 59 = -2*q - 3*x. Let v = 41 + q. What is the remainder when v is divided by 8?
5
Let r(h) = h**2 + 7*h + 18. Let p be r(-4). Suppose p*w + 2*f = w + 46, 4*f - 2 = -w. Calculate the remainder when 78 is divided by w.
8
Suppose -3*l = 18*c - 23*c - 146, 0 = l - 3*c - 46. What is the remainder when 100 is divided by l?
48
Let q(f) = -f**2 + 17*f - 12. Let b(o) = -o**2 + 4 - o**3 + 0*o**3 - o**2 + 8*o + 7*o**2. Let p be b(6). What is the remainder when q(p) is divided by 3?
1
Let o(r) = -r + 3*r + r - 6. Calculate the remainder when ((-4)/(-10))/(7/(-4025)*-5) is divided by o(6).
10
Let r(p) = p - 5. Let x be r(-6). Let j(i) = 45 + i - 43 - 4*i + 2*i. Calculate the remainder when 35 is divided by j(x).
9
Suppose 0 = 5*f + 2*f - 119. Let m = -10 + f. What is the remainder when 33*(-1 - (-8)/6) is divided by m?
4
Suppose 16 = 4*f, -3*f - 836 + 84 = -2*r. Calculate the remainder when r is divided by 78.
70
Suppose -3*k + 297 - 123 = 0. Suppose 4*x = 10*x - 96. Calculate the remainder when k is divided by x.
10
Calculate the remainder when 108 is divided by 2068/55 + -16 + (-2)/(-5).
20
Let s = 26 + -16. Let w be (2 + -8)*(1 - s). Suppose -u = 2*u - w. Calculate the remainder when u is divided by 5.
3
Let y(t) = -4*t + 5. Let w(h) = 14*h - 35*h - 12*h**2 + 10*h - 6 - h**3. Let l be w(-11). What is the remainder when 55 is divided by y(l)?
26
Suppose -5*h + 5*y + 144 = 39, 0 = -4*h + y + 84. What is the remainder when 67 is divided by h?
4
Suppose 2*z - 14*z = 672. Let s = z - -61. Calculate the remainder when 24 is divided by s.
4
Let w(v) = 57*v - 343. What is the remainder when 220 is divided by w(7)?
52
Let d(r) = -2*r + 42. Let q be d(13). Suppose -13*v = -q*v + 36. Suppose 0*h + 3*h - 90 = -3*b, -3*b - h = -98. What is the remainder when b is divided by v?
10
Suppose -4*h + 25 = -19. Let v be (-5 - -1) + (h - -2). Suppose 0 = -v*r + 4*r + 90. What is the remainder when 53 is divided by r?
17
Let v(t) = t**3 + 15*t**2 - 2*t - 26. Let u(y) = -2*y**3 - y**2 - 2*y - 2. What is the remainder when u(-2) is divided by v(-15)?
2
Suppose 2*n + 42 = 2*q + 2*q, 4 = 3*q + 4*n. Calculate the remainder when 76 is divided by (-20)/q*9*(-18)/15.
22
Let p = -324 + 580. Suppose 4*h - 5*u = -3*u - 488, 5*u + p = -2*h. Calculate the remainder when (8/(-12))/(2/h) is divided by 11.
8
Let r(t) = t**3 + 5*t + 1 - 65*t**2 + 31*t**2 + 1 + 45*t**2. Calculate the remainder when 152 is divided by r(-10).
48
What is the remainder when 85 is divided by 8/10*950/20?
9
Suppose 0 = h - 4*u - 21, 2*u = -2 - 0. Let t = 38 - 32. Suppose -t*d + 105 = -195. What is the remainder when d is divided by h?
16
Let m(k) = k**2 - 7*k - 6. Let b be -8*(2 + -3 + 0). Suppose -2*l = 5*y, -2*l = 3*y + 2 + 2. Calculate the remainder when m(b) is divided by y.
0
Suppose s - 5*n = 55, -2*s + 44*n = 43*n - 128. Calculate the remainder when s is divided by 0/(-1) - -16 - -1.
14
Suppose 4*j = -3*t + 73, -j + 2*j - 15 = -4*t. Let u(x) = 346*x + 1457. Calculate the remainder when u(-4) is divided by j.
16
Suppose 29*b - 1320 = -31*b. What is the remainder when 82 is divided by b?
16
Suppose -k - 372 = -4*y + 3*k, 0 = -y - 3*k + 105. Let j = 61 - y. Let u = j + 91. Calculate the remainder when u is divided by 29.
27
What is the remainder when 44 is divided by ((-138)/(-12)*2)/(2 + -1)?
21
Suppose 2*l = 3*i + 290, 4*i = 4*l - 936 + 352. What is the remainder when l is divided by (-16)/12*-24 + 8 + -15?
23
Let q = 41 + -37. Calculate the remainder when (q + 0)*47/4 is divided by 5.
2
Let v be (-1)/(1*3/33). Let g = 37 + v. Let y = -1 - -8. Calculate the remainder when g is divided by y.
5
Suppose -2*y + 28 = 2*f, -2*f = -5*y + 2*f + 25. Suppose -6*a + y*a = 21. Calculate the remainder when 13 is divided by a.
6
Let b(y) = 28*y**2 + 22*y + 17. Let u(g) = g**3 + 9*g**2 + 8*g + 6. What is the remainder when u(-5) is divided by b(-1)?
20
Let s be 23/5 + (-56)/10 + 6. Suppose -2*i - 180 = -6*i + n, -5*i - s*n = -250. Calculate the remainder when i is divided by 26.
20
Let v be (6 - -1)/(5/(-5)). Let x(b) = -b**3 - 8*b**2 - 11*b - 8. What is the remainder when 77 is divided by x(v)?
17
Suppose -3*z = 5 - 20. Suppose -z*s = -25 - 0. Suppose -4*k = -s*m - 8 - 37, 0 = -k + 4*m + 14. Calculate the remainder when 17 is divided by k.
7
Let y(f) = -f**3 - 1 + 5*f + 14*f**2 - 5*f**2 - 8 - 8. What is the remainder when 55 is divided by y(9)?
27
Suppose 3*c - 13 = 17. What is the remainder when -9 + 106/12 - (-229)/6 is divided by c?
8
Let w = 552 - 356. Calculate the remainder when w is d